{"id":68,"date":"2012-09-13T08:32:49","date_gmt":"2012-09-13T06:32:49","guid":{"rendered":"http:\/\/wws-eisele.de\/v2\/?page_id=68"},"modified":"2022-11-22T17:47:32","modified_gmt":"2022-11-22T15:47:32","slug":"uberprufung-von-bestehenden-anlagen","status":"publish","type":"page","link":"http:\/\/wws-eisele.de\/?page_id=68","title":{"rendered":"\u00dcberpr\u00fcfung der Sicherheit"},"content":{"rendered":"<p><!--:de--><\/p>\n<h2>\u00dcberpr\u00fcfung der Sicherheit<\/h2>\n<p>Sie betreiben ein Schwimmbad oder einen Wellnessbereich?<br \/>\nEine Zusammenarbeit mit uns zahlt sich f\u00fcr Sie in mehrerer Hinsicht aus, denn die Vorteile liegen klar auf der Hand:<\/p>\n<p><strong>Wir f\u00fchren f\u00fcr Sie\u00a0Pr\u00fcfungen nach den anerkannten Regeln der Technik durch:<\/strong><\/p>\n<ul>\n<li>Durchf\u00fchrung von Risikoanalysen mit anschlie\u00dfender Bewertung und Handlungsempfehlungen nach DIN EN 15288<\/li>\n<li>Durchf\u00fchrung von Haarfangpr\u00fcfungen an Ansaugstellen mit anschlie\u00dfender Bewertung und Handlungsempfehlungen<br \/>\nnach DIN EN 13451<\/li>\n<li>\u00dcberpr\u00fcfung der Badewasserqualit\u00e4t, der Betriebsweise sowie den anlagentechnischen Zustand mit anschlie\u00dfender Bewertung und Handlungsempfehlungen nach DIN 19643<\/li>\n<\/ul>\n<hr \/>\n<p><strong>M\u00f6chten Sie weitere Informationen oder haben Sie Fragen?<\/strong><br \/>\n<strong>Sprechen Sie uns an, wir beraten Sie gerne!<\/strong><\/p>\n<p>Telefon +49 (0) 711 22 04 15 59<br \/>\nTelefon Mobil +49 (0) 163 7 11 00 31<br \/>\nE-Mail\u00a0<a href=\"mailto:info@wws-eisele.de\">info@wws-eisele.de<\/a><\/p>\n<hr \/>\n<p><!--:--><!--:en--><\/p>\n<p>&nbsp;<\/p>\n<p><!--:--><\/p>\n","protected":false},"excerpt":{"rendered":"<p>\u00dcberpr\u00fcfung der Sicherheit Sie betreiben ein Schwimmbad oder einen Wellnessbereich? Eine Zusammenarbeit mit uns zahlt sich f\u00fcr Sie in mehrerer Hinsicht aus, denn die Vorteile liegen klar auf der Hand: Wir f\u00fchren f\u00fcr Sie\u00a0Pr\u00fcfungen nach den anerkannten Regeln der Technik durch: Durchf\u00fchrung von Risikoanalysen mit anschlie\u00dfender Bewertung und Handlungsempfehlungen nach DIN EN 15288 Durchf\u00fchrung von [&hellip;]<\/p>\n","protected":false},"author":3,"featured_media":0,"parent":10,"menu_order":0,"comment_status":"closed","ping_status":"closed","template":"","meta":[],"yoast_head":"<!-- This site is optimized with the Yoast SEO plugin v20.0 - https:\/\/yoast.com\/wordpress\/plugins\/seo\/ -->\n<title>Sachverst\u00e4ndiger Schwimmbadtechnik<\/title>\n<meta name=\"description\" content=\"Durchf\u00fchrung von Risikoanalysen nach DIN EN 15288, Durchf\u00fchrung von Haaransaugversuche in Schwimmb\u00e4dern nach DIN EN 13451Rutschhemmung der FliesenElektroanschluss Sachverst\u00e4ndiger Schwimmbadtechnik\" \/>\n<meta name=\"robots\" content=\"index, follow, max-snippet:-1, max-image-preview:large, max-video-preview:-1\" \/>\n<link rel=\"canonical\" href=\"http:\/\/wws-eisele.de\/?page_id=68\" \/>\n<meta name=\"twitter:card\" content=\"summary_large_image\" \/>\n<meta name=\"twitter:title\" content=\"Sachverst\u00e4ndiger Schwimmbadtechnik\" \/>\n<meta name=\"twitter:description\" content=\"Durchf\u00fchrung von Risikoanalysen nach DIN EN 15288, Durchf\u00fchrung von Haaransaugversuche in Schwimmb\u00e4dern nach DIN EN 13451Rutschhemmung der FliesenElektroanschluss Sachverst\u00e4ndiger Schwimmbadtechnik\" \/>\n<meta name=\"twitter:label1\" content=\"Gesch\u00e4tzte Lesezeit\" \/>\n\t<meta name=\"twitter:data1\" content=\"1 Minute\" \/>\n<script type=\"application\/ld+json\" class=\"yoast-schema-graph\">{\"@context\":\"https:\/\/schema.org\",\"@graph\":[{\"@type\":\"WebPage\",\"@id\":\"http:\/\/wws-eisele.de\/?page_id=68\",\"url\":\"http:\/\/wws-eisele.de\/?page_id=68\",\"name\":\"Sachverst\u00e4ndiger Schwimmbadtechnik\",\"isPartOf\":{\"@id\":\"http:\/\/wws-eisele.de\/#website\"},\"datePublished\":\"2012-09-13T06:32:49+00:00\",\"dateModified\":\"2022-11-22T15:47:32+00:00\",\"description\":\"Durchf\u00fchrung von Risikoanalysen nach DIN EN 15288, Durchf\u00fchrung von Haaransaugversuche in Schwimmb\u00e4dern nach DIN EN 13451Rutschhemmung der FliesenElektroanschluss Sachverst\u00e4ndiger Schwimmbadtechnik\",\"breadcrumb\":{\"@id\":\"http:\/\/wws-eisele.de\/?page_id=68#breadcrumb\"},\"inLanguage\":\"de-DE\",\"potentialAction\":[{\"@type\":\"ReadAction\",\"target\":[\"http:\/\/wws-eisele.de\/?page_id=68\"]}]},{\"@type\":\"BreadcrumbList\",\"@id\":\"http:\/\/wws-eisele.de\/?page_id=68#breadcrumb\",\"itemListElement\":[{\"@type\":\"ListItem\",\"position\":1,\"name\":\"Startseite\",\"item\":\"http:\/\/wws-eisele.de\/\"},{\"@type\":\"ListItem\",\"position\":2,\"name\":\"Leistungen\",\"item\":\"http:\/\/wws-eisele.de\/?page_id=10\"},{\"@type\":\"ListItem\",\"position\":3,\"name\":\"\u00dcberpr\u00fcfung der Sicherheit\"}]},{\"@type\":\"WebSite\",\"@id\":\"http:\/\/wws-eisele.de\/#website\",\"url\":\"http:\/\/wws-eisele.de\/\",\"name\":\"WWS EISELE\",\"description\":\"Eine weitere WordPress-Seite\",\"potentialAction\":[{\"@type\":\"SearchAction\",\"target\":{\"@type\":\"EntryPoint\",\"urlTemplate\":\"http:\/\/wws-eisele.de\/?s={search_term_string}\"},\"query-input\":\"required name=search_term_string\"}],\"inLanguage\":\"de-DE\"}]}<\/script>\n<!-- \/ Yoast SEO plugin. -->","yoast_head_json":{"title":"Sachverst\u00e4ndiger Schwimmbadtechnik","description":"Durchf\u00fchrung von Risikoanalysen nach DIN EN 15288, Durchf\u00fchrung von Haaransaugversuche in Schwimmb\u00e4dern nach DIN EN 13451Rutschhemmung der FliesenElektroanschluss Sachverst\u00e4ndiger Schwimmbadtechnik","robots":{"index":"index","follow":"follow","max-snippet":"max-snippet:-1","max-image-preview":"max-image-preview:large","max-video-preview":"max-video-preview:-1"},"canonical":"http:\/\/wws-eisele.de\/?page_id=68","twitter_card":"summary_large_image","twitter_title":"Sachverst\u00e4ndiger Schwimmbadtechnik","twitter_description":"Durchf\u00fchrung von Risikoanalysen nach DIN EN 15288, Durchf\u00fchrung von Haaransaugversuche in Schwimmb\u00e4dern nach DIN EN 13451Rutschhemmung der FliesenElektroanschluss Sachverst\u00e4ndiger Schwimmbadtechnik","twitter_misc":{"Gesch\u00e4tzte Lesezeit":"1 Minute"},"schema":{"@context":"https:\/\/schema.org","@graph":[{"@type":"WebPage","@id":"http:\/\/wws-eisele.de\/?page_id=68","url":"http:\/\/wws-eisele.de\/?page_id=68","name":"Sachverst\u00e4ndiger Schwimmbadtechnik","isPartOf":{"@id":"http:\/\/wws-eisele.de\/#website"},"datePublished":"2012-09-13T06:32:49+00:00","dateModified":"2022-11-22T15:47:32+00:00","description":"Durchf\u00fchrung von Risikoanalysen nach DIN EN 15288, Durchf\u00fchrung von Haaransaugversuche in Schwimmb\u00e4dern nach DIN EN 13451Rutschhemmung der FliesenElektroanschluss Sachverst\u00e4ndiger Schwimmbadtechnik","breadcrumb":{"@id":"http:\/\/wws-eisele.de\/?page_id=68#breadcrumb"},"inLanguage":"de-DE","potentialAction":[{"@type":"ReadAction","target":["http:\/\/wws-eisele.de\/?page_id=68"]}]},{"@type":"BreadcrumbList","@id":"http:\/\/wws-eisele.de\/?page_id=68#breadcrumb","itemListElement":[{"@type":"ListItem","position":1,"name":"Startseite","item":"http:\/\/wws-eisele.de\/"},{"@type":"ListItem","position":2,"name":"Leistungen","item":"http:\/\/wws-eisele.de\/?page_id=10"},{"@type":"ListItem","position":3,"name":"\u00dcberpr\u00fcfung der Sicherheit"}]},{"@type":"WebSite","@id":"http:\/\/wws-eisele.de\/#website","url":"http:\/\/wws-eisele.de\/","name":"WWS EISELE","description":"Eine weitere WordPress-Seite","potentialAction":[{"@type":"SearchAction","target":{"@type":"EntryPoint","urlTemplate":"http:\/\/wws-eisele.de\/?s={search_term_string}"},"query-input":"required name=search_term_string"}],"inLanguage":"de-DE"}]}},"_links":{"self":[{"href":"http:\/\/wws-eisele.de\/index.php?rest_route=\/wp\/v2\/pages\/68"}],"collection":[{"href":"http:\/\/wws-eisele.de\/index.php?rest_route=\/wp\/v2\/pages"}],"about":[{"href":"http:\/\/wws-eisele.de\/index.php?rest_route=\/wp\/v2\/types\/page"}],"author":[{"embeddable":true,"href":"http:\/\/wws-eisele.de\/index.php?rest_route=\/wp\/v2\/users\/3"}],"replies":[{"embeddable":true,"href":"http:\/\/wws-eisele.de\/index.php?rest_route=%2Fwp%2Fv2%2Fcomments&post=68"}],"version-history":[{"count":24,"href":"http:\/\/wws-eisele.de\/index.php?rest_route=\/wp\/v2\/pages\/68\/revisions"}],"predecessor-version":[{"id":685,"href":"http:\/\/wws-eisele.de\/index.php?rest_route=\/wp\/v2\/pages\/68\/revisions\/685"}],"up":[{"embeddable":true,"href":"http:\/\/wws-eisele.de\/index.php?rest_route=\/wp\/v2\/pages\/10"}],"wp:attachment":[{"href":"http:\/\/wws-eisele.de\/index.php?rest_route=%2Fwp%2Fv2%2Fmedia&parent=68"}],"curies":[{"name":"wp","href":"https:\/\/api.w.org\/{rel}","templated":true}]}}